- 3*d**3 + 4*d**3. Give r(6).
4
Let j(h) = 9*h + 4. Suppose 0*v = -4*v - 2*g - 1186, 4*v + g + 1189 = 0. Let y = -303 - v. Give j(y).
-41
Let t = -21 - -21. Let q(x) be the third derivative of x**4/12 + 5*x**3/6 + 1620*x**2. Determine q(t).
5
Suppose -8*h = 12 + 44. Let w be 3 - ((-7)/(h/(-4)) + 5). Let f(s) = 3*s + w*s - 4*s. Give f(4).
4
Suppose -5*t + 124 = 2*l, -5*t + l + 155 = 22. Let g = t - 25. Let w(h) = -3*h**2 - 3*h + 1. What is w(g)?
-5
Suppose -2*g = -6, 15*k - 5*g = 14*k. Let l(r) = 9*r - 138. Let c be l(k). Let j(z) = -z**2 - 3*z + 2. Determine j(c).
2
Let q(n) = 40*n + 355. Let g(o) = -o**3 + 24*o**2 - 152*o + 159. Let t be g(14). What is q(t)?
-5
Let c = -426 - -424. Let w(t) = 22*t - 42. Let o(m) = 5*m - 10. Let l(a) = c*w(a) + 9*o(a). What is l(7)?
1
Let y(q) = -q**3 + q**2 + 2*q - 3. Let n(z) = 4*z**3 - 8*z**2 - 19*z + 14. Let t(b) = n(b) + 5*y(b). Determine t(-4).
51
Let b(u) be the third derivative of -7*u**4/24 - u**3/2 - 3*u**2 + 4. Let l(a) = 23*a + 7. Let v(c) = 7*b(c) + 2*l(c). Give v(-3).
2
Let n(y) be the first derivative of -2*y**3 + 3*y + 479 - 3/2*y**2 - 1/4*y**4. Let d = -6 + 1. What is n(d)?
-7
Let c be (-32)/(-6)*(-114)/(-76). Let l(u) = 2*u + 3. Let f(t) = t. Let n(v) = -3*f(v) + l(v). What is n(c)?
-5
Let o(d) = -2*d**2 - 17*d + 4. Let m(x) = x + 11. Let v be m(-20). Calculate o(v).
-5
Let h(n) = -1. Let a be (-2 - -215)*2/3*1. Let v(u) = -75 - 73 - 6*u**2 + a. Let w(o) = -6*h(o) + v(o). Determine w(-1).
-6
Let k(w) = -w**2 + 9*w - 161. Suppose 4*q - 2*g = -2, 2*g + 17 - 19 = 0. Determine k(q).
-161
Let t(i) = -6*i + 189. Let u(y) = 3*y - 91. Let d(k) = -10*t(k) - 21*u(k). Give d(-1).
24
Let i be -35*(-5 - -12 - 6). Let h be (-31)/(-7) - (90/i + 3). Let r(c) be the first derivative of -7*c**2/2 - c - 7. Determine r(h).
-29
Let b(k) = -3*k**2 - 3*k - 7. Let d(m) be the third derivative of -7*m**5/60 - 7*m**4/24 - 2*m**3 - 91*m**2. Let q(x) = 5*b(x) - 2*d(x). Give q(0).
-11
Let h(b) = 7*b + 51 + 12 - 16 - 134 + 15. Calculate h(11).
5
Let n(f) = -f**2 + 4*f + 9. Let b(j) = -5*j**2 + 20*j + 47. Let c(d) = -2*b(d) + 11*n(d). Let v(z) = -2*z**2 + 7*z + 12. Let p(k) = -9*c(k) + 4*v(k). Give p(7).
-4
Let k(h) = h**2 - 5*h - 3. Let s(u) = u**2 - 7*u - 6. Let f = 8 - 12. Let t be s(f). Let y = t + -33. Calculate k(y).
-3
Let q be 117/24 + 20/160. Let t(k) = 14*k**3 - 4*k - 2 - 6*k**3 + 6 + q*k**2 - 7*k**3. Suppose -2*f = 2*f + 24. Determine t(f).
-8
Let k(v) = -6*v**3 + 211335*v**2 - 422652*v**2 + 7*v**3 - 172 + 211336*v**2 - 50*v. Calculate k(-21).
-4
Let y(p) = -p**2 + 13*p - 9. Let w be y(12). Let k = 99 + -91. Let g(a) = -4*a + 8 + 3*a - a**w - a - 3*a - k*a**2. Give g(-7).
-6
Suppose 0 = -5*c - 2*z - 7, -4*c + 2 = 4*z - 2. Let m be 1/(c - (-98)/35). Let y(n) = n**2 - 3 + 3*n + 0*n**2 - 1. Give y(m).
6
Let k(o) = 4*o - 43. Suppose -8*n = -13*n + 65. Let h be k(n). Let r(j) = 2 - 10 - 5 + 0 + 2*j. Calculate r(h).
5
Let k(h) = -13*h - 3*h**2 + 4*h**2 - 10 + 5. Let u(f) = -f**2 + 12*f + 6. Let y(c) = -3*k(c) - 4*u(c). Suppose 5 = m - 4. What is y(m)?
-9
Let p(a) = -5*a + 3751 + 9*a - 7547 + 3798. Let y = 0 - 8. Give p(y).
-30
Let c be 20/(-25)*(-20)/8*3. Let v(i) = -5*i**3 + c*i**3 - 6*i**2 + 62*i + 1 - 69*i. What is v(7)?
1
Let o(a) = -a - 1. Let m(w) be the first derivative of -5*w**2 - 10*w - 1. Let l(g) = g + 10. Let n be l(-8). Let z(x) = n*m(x) - 18*o(x). Determine z(2).
-6
Suppose -q + 4 = q. Let s(m) = -2*m**2 + q - m - m + 1 + 0*m. Let l(i) = -i**3 - 13*i**2 + 11*i - 40. Let o be l(-14). What is s(o)?
-9
Let o(u) = 5*u**3 - 4*u + 3. Let z be 77/63 - (1704/(-108) - -16). What is o(z)?
4
Let a(q) be the third derivative of -1/2*q**3 + 0 - 7/24*q**4 + 2*q + 27*q**2. What is a(-3)?
18
Let f = -1 - -6. Let b(w) = -13*w**3 + 5*w**2 - 4*w - 11. Let c(k) = 37*k**3 - 15*k**2 + 12*k + 32. Let o(x) = -17*b(x) - 6*c(x). Determine o(f).
-25
Suppose 25*n = -2*n + 126*n + 1089. Let y(d) = 63*d + 698. Give y(n).
5
Let g(p) be the first derivative of 2*p**3/3 + 4*p**2 - 19*p + 422. Calculate g(2).
5
Let b = -640 - -640. Suppose b = -g + 4*v - 16, -4*v = -3*g + 26 - 58. Let f(s) = -s**3 - 8*s**2 + 2*s + 6. What is f(g)?
-10
Suppose 0 = 4*o + p - 350, 2*o + 3*p = 151 + 29. Let f = 8394 + -8485. Let b = o + f. Let u(i) = -i - 8. Give u(b).
-4
Let b = 40 - 45. Let d(y) be the third derivative of 5*y**4/24 - y**3/6 + 611*y**2. Determine d(b).
-26
Let s(i) = -i**2 + 33*i - 216. Let w(k) = 548*k - 6555. Let c be w(12). Calculate s(c).
36
Let j(h) = -8*h - 10. Let k be (-100)/(-450) - (-20)/(-9). Let x be j(k). Let f(z) = -2*z + 12. Give f(x).
0
Let m(o) be the first derivative of 4*o**3/3 + o**2/2 + o - 4899. Let d be 4/10 - (-7)/(-5). Give m(d).
4
Let z(n) = 2*n**3 - 12*n**2 - 136*n**2 + 146*n**2 + 3*n + 7 - 4*n**3. What is z(-2)?
9
Let f = 6274/3 + -2091. Let q(w) be the third derivative of -1/8*w**4 - 6*w**2 - f*w**3 + 1/60*w**5 + 0 + 0*w. Give q(3).
-2
Let h(o) = -o**3 + 21*o**2 + 50*o - 86. Let w be ((-2)/(-10))/((-69)/115) - (-140)/6. Calculate h(w).
6
Let g(r) = 87*r + 104*r + 108*r + 107 - 459*r + 102*r. Calculate g(2).
-9
Let r(z) = z**3 + z**2 - 3*z + 8. Let u be r(0). Let y(j) = u*j + 4*j**2 + 2 - 3*j**2 - 9*j + 3*j. What is y(-3)?
5
Suppose 234 = 5*x + 3*q, q = -3*x - 3*q + 136. Let z = x - 21. Let p(h) = 10*h**2 - 3 + 6*h**2 + h**3 + 10*h - z*h**2. Calculate p(10).
-3
Let c(n) = -n + 5. Suppose -5*s + 5 = 5*o, 5 = s + 3*o - 6*o. Suppose 4*r + 5*p = 7, 13 = 3*r - 2*p - 2*p. Let b be 3 - s - (-4)/(4/r). Determine c(b).
1
Let z(q) = -q**3 - 4*q**2 - 4*q - 8. Let b(w) = 79*w - 1821. Let i be b(23). Calculate z(i).
8
Let r(a) = 5*a**2 + a + 15. Let n(z) = 4*z**2 - z. Let l(v) = n(v) - r(v). Calculate l(-9).
-78
Let a be -1 + 0 + 6/(-2) + 6. Suppose -5 = -4*o + k, -4 = o - 0*k - a*k. Suppose -z + o*n = -0*n, -3*z + 5*n = -2. Let f(l) = 3*l - 4. What is f(z)?
8
Let q be 6/4*-2 - -17. Suppose 5*k - q + 4 = -c, 4*k = -2*c + 2. Let s(h) = 2*h + 2*h**k + 6 - 10 + 4*h**2 + h**3 - 2*h**3. Give s(-3).
-1
Let q(p) = p**2 - p - 1. Let c(x) = 4*x**2 + 6*x + 15. Let n(j) = -c(j) + 3*q(j). What is n(-6)?
0
Let q(b) = b**3 - 11*b**2 - 479*b - 41. Let f be q(-17). Let i(a) = a**3 - 9*a**2 - 17*a - 23. Determine i(f).
-93
Let w(u) = 5*u + 1. Let m(c) = c**3 + 15*c**2 - 16*c - 22. Let h be m(-16). Let f(i) = i**2 + 21*i - 20. Let a be f(h). Suppose -3*v = -2*v - a. Give w(v).
11
Suppose -19*w + 21*w = 10. Let v(l) = -l**3 - 10 - 14 + 16 + 0*l**2 - w*l**2 + 6*l. Calculate v(-6).
-8
Let f(c) = 2*c**3 - 6*c**2 - 29*c - 11. Let v(x) = x**3 - 3*x**2 - 15*x - 6. Let q(h) = -5*f(h) + 9*v(h). Calculate q(5).
1
Let g(i) be the first derivative of 2*i**3/3 + i**2/2 + 20. Suppose -2*x - 128 = 4*l, 0*l - 5*x = l + 23. Let r = l + 32. Determine g(r).
1
Let m(w) be the third derivative of w**5/20 - 7*w**4/12 - 13*w**3/3 + 2151*w**2. Calculate m(6).
-2
Let c(o) = 6*o - 10. Let t(h) = -1. Let w(d) be the second derivative of -2*d**3/3 - 2*d**2 + 2*d. Let a be w(2). Let z(q) = a*t(q) + c(q). Give z(2).
14
Let p be (-42)/(-12)*(0 - 24/14). Let m(o) = -o - 7. What is m(p)?
-1
Let t = 16771 - 16778. Let c(a) = 28*a + 210. Give c(t).
14
Let p(a) be the third derivative of a**4/24 - 5*a**3/6 + 1452*a**2. Suppose -29 = -5*g + 21. What is p(g)?
5
Let g be (0 - 2)/((-35)/((-2695)/(-22))). Let n(m) = -m**2 + 3*m + 34. What is n(g)?
6
Let c(p) = -p**2 + 10*p - 16. Let j be (-5895)/(-210) + -19 + 1/(-14). Calculate c(j).
-7
Let r = 47 + -44. Let n be (-1)/r - (-870)/45. Let o(u) = -7 + n - u**3 - u**2 - 9. Determine o(0).
3
Let m(n) be the third derivative of -n**5/12 + n**4/4 - 4*n**3/3 - 141*n**2. Let o(b) = -3*b**2 - 1. Let w(k) = m(k) - 2*o(k). Determine w(-5).
-11
Let x(l) = -5 + 3 - 18*l + 16*l. Let t(o) = -1. Let b(d) = -22*t(d) + 2*x(d). Give b(6).
-6
Let j be (-1)/((15/5)/9). Let t(o) = o**3 + 4*o**2 - o - 6. Let v be t(j). Let u(x) = x - 1. Determine u(v).
5
Let s = 326 + -188. Let k(j) = 143 + s - 8*j**2 - 7*j - 280 - j**3. Determine k(-7).
1
Let h(j) = j**3 + 16*j**2 + 12*j + 2. Suppose -20*z = -134 + 194 + 240. Give h(z).
47
Let p(h) = 5*h - 1. Suppose 0 = 12*v - 13*v - 4*t - 178, 0 = -5*v - 4*t - 874. Let x = v - -176. Calculate p(x).
9
Suppose 0 = -2344*f + 2241*f + 927. Let v(u) = u**2 - 4*u - 60. Determine v(f).
-15
Suppose 3*k = 7*k + 12. Let f(w